on divisor of k and y.
57
Let y = -4840 + 5078. Calculate the highest common factor of y and 154.
14
Suppose 0 = -8*b + 4*b - 4*b + 552. Calculate the highest common factor of b and 161.
23
Let d = 926 - 726. Calculate the greatest common divisor of 800 and d.
200
Let d(n) = 2*n**3 + 22*n**2 + 43*n - 59. Let o be d(-7). Calculate the highest common factor of o and 17.
1
Let h = -23 + 1007. Calculate the highest common divisor of 96 and h.
24
Let l = -691 + 1248. Suppose -3*z - i = -l, -z + 31 = 4*i - 173. Suppose 920 = 558*f - 1004*f + 486*f. What is the greatest common divisor of f and z?
23
Suppose -19*g + 13*g = 54. Let q(l) = -l + 1. Let w(d) = 3*d - 51. Let o(n) = -2*q(n) - w(n). Let i be o(g). Calculate the highest common factor of i and 29.
29
Let u = 217 + -242. Let a(x) = -x**2 - 36*x - 41. Let f be a(u). Calculate the highest common factor of 18 and f.
18
Suppose -13*d - 142*d + 5735 = 0. What is the highest common factor of d and 37?
37
Let x be (-3 + 1)/(1/(-2)). Suppose 5*b = x*k - 52, -5*k + 7*b - 4*b + 65 = 0. Calculate the highest common factor of k and 117.
13
Let n be -4 + 150/35 + (-21544)/(-56). Let d = n - 373. What is the greatest common divisor of d and 28?
4
Let u be -4*((-10)/25)/(16/70). Suppose -1240 = u*y - 2164. What is the greatest common factor of 198 and y?
66
Let o(j) = -3*j**2 - 55*j + 40. Let l be o(-19). Suppose -3*k = l*f - 62, -3*k + 6*k + 40 = f. Calculate the greatest common factor of 85 and f.
17
Let s = 30 - 27. Suppose -13*u - s*q + 27 = -10*u, -5*u + 45 = -2*q. Suppose -7*i + 108 = -3*i. Calculate the highest common divisor of i and u.
9
Let x be 6/(5 - 6 - 1). Let t(q) = -10*q**3 + 2*q**2 - 8*q - 4. Let g be t(x). Calculate the greatest common divisor of g and 231.
77
Suppose -12 = -6*v + 3*v. Suppose -k = -z + 11 + 9, -v*k = 8. Let a be (3 + 3/2)*10. What is the highest common factor of z and a?
9
Suppose 6*d = 4*k + 8*d - 1878, 0 = 5*k + 4*d - 2346. Let n = k + -435. What is the greatest common factor of 315 and n?
35
Let b be (-4 - -2)/((-2)/400). Let n = b - 343. Calculate the greatest common factor of n and 114.
57
Suppose 3*t + 0 = -3*h + 9, 3*h - 11 = -4*t. Suppose 12*y + 2*k + 184 = 17*y, -148 = -4*y + t*k. What is the highest common factor of y and 156?
12
Let t be (-1716)/(-91)*(-28)/12*-1*3. Let w be 1*2 + 2 + -3. Let c be w - (-21 + -1)/2. Calculate the highest common factor of t and c.
12
Suppose -1077*x = -1085*x + 33088. What is the highest common factor of x and 88?
88
Let k be 10 + (-9 - (4 - 9)). Let m be 14/k - 8*7/168. Suppose -m*v + 3*v = 8. What is the greatest common factor of 72 and v?
8
Let l(o) = -o**2 + 5*o + 6. Let k be (-1)/(-2) + 0 + (-3)/(-6). Let g be 0 - 1 - (-30*k)/5. Let d be l(g). Calculate the greatest common divisor of 66 and d.
6
Let l be (-6)/15 + 244/10. Suppose 23 = 5*v + d - 2*d, 3*v = 4*d + l. Let y(j) = -18*j + 868. Let f be y(48). Calculate the greatest common divisor of f and v.
4
Suppose -9*k + 170 = -919. Suppose k = 5*l - 379. Let n = 53 - 28. What is the greatest common divisor of n and l?
25
Let i = 1884 - 1668. Calculate the greatest common factor of i and 99.
9
Let i = -61214 - -107694. What is the greatest common factor of i and 14?
14
Suppose 8 = -4*d, 0 = 16*g - 12*g + 3*d - 90. Let c be 11 + (-84)/12 - (0 - g). What is the greatest common factor of c and 504?
28
Suppose 4*b = 3*d + 246, -178 = -22*b + 19*b - d. Calculate the highest common divisor of b and 330.
30
Suppose 0 = -7*y + 21. Suppose -4*l - z - 4 = 0, -y*l + 4*z - 4 = -20. Suppose l = -v + 2 + 3. Calculate the highest common factor of v and 65.
5
Let t = -2785 - -9993. Calculate the greatest common divisor of 34 and t.
34
Let l = -3155 + 10775. What is the greatest common factor of l and 15?
15
Let l(j) = -j**3 + 32*j**2 + 379*j + 17. Let m be l(-12). Calculate the highest common divisor of m and 2280.
95
Let g be 554/18 - (-8)/36. Suppose 8*f - 404 = 4*f. Suppose -4*z + 349 = f. What is the greatest common factor of z and g?
31
Let a = -11251 - -11383. What is the highest common factor of 276 and a?
12
Let c be 21/12 + 2/8 - -45. What is the greatest common divisor of 893 and c?
47
Suppose -11 - 7 = -3*l. Let a = -132 - -222. Suppose a = -2*w + 7*w. What is the highest common divisor of l and w?
6
Let g(k) = -2*k**2 + 165*k + 1757. Let w be g(92). Suppose 0 = b - 5, -2*b = m - 4*b - 134. Calculate the greatest common divisor of w and m.
9
Let x be ((-121)/5)/(7/(-35)). Let t be 18 + (4 - 7) + 7. Calculate the highest common factor of t and x.
11
Let g be (59/1)/1 - 0/(-57). Calculate the highest common factor of 30857 and g.
59
Suppose 21*q + 33*q - 2640 = 39*q. What is the highest common factor of 208 and q?
16
Let j(c) = c**3 - c**2 + 169. Let w be j(0). Let f = w - 125. Calculate the greatest common divisor of 132 and f.
44
Let x be 6 - (9/3 - 217). Let a be -4 - -7 - (-40 + (-1 - -4)). What is the greatest common divisor of x and a?
20
Let u be (6/(-10))/((-54)/(-60))*-78. Calculate the greatest common divisor of u and 32.
4
Let b(q) = 8*q + 155. Let j = 186 + -204. Let l be b(j). What is the highest common factor of l and 429?
11
Let q be (-9)/((25/50)/(-1 - 2)). Suppose -3*z = -4*p + 8, 0 = -4*z - 3*p + 9 + 22. Suppose g = -z*g + 30. Calculate the greatest common factor of q and g.
6
Let x be (8/(-4) - 1)*(0 - 3). Suppose 2*k + 5*q + x = 0, 0*k + 5*q + 27 = 4*k. Suppose -k = -j + 5. What is the highest common factor of j and 64?
8
Suppose 2*s - 679 = -5*c, 5*c + 329 = 3*s + 998. What is the highest common factor of c and 13320?
45
Suppose 0 = -37*m + 38*m + 1. Let k be m*(918/(-33) - (-10)/(-55)). Calculate the highest common divisor of k and 56.
28
Let n be (57/3 - 3)/2. Let c be (-1)/4 - 1383/(-12) - 3. Suppose -k + 3*k = c. What is the highest common divisor of n and k?
8
Let k = 68 + -66. Suppose -y - 4 = 0, 6*y - y = k*t - 26. Suppose 7 = m - 5*d, 0*m - 106 = -t*m - 2*d. Calculate the highest common divisor of m and 352.
32
Let c = 9940 + -9072. What is the highest common factor of 182 and c?
14
Let v be 2/(-39)*-1557 - (-14)/91. Calculate the highest common divisor of v and 144.
16
Suppose 4*a - 5*g + 4064 - 39151 = 0, g = -5*a + 43895. Calculate the greatest common factor of 1330 and a.
266
Suppose -x + 6*p = 11*p + 1, 2*p - 8 = -x. Let r = -577 + 587. What is the highest common divisor of x and r?
2
Suppose -142 = n - 3*n - 5*v, -355 = -5*n + 3*v. Suppose -3879 = -53*g + 14936. Calculate the greatest common factor of g and n.
71
Let c be 7/4 - 1 - (-14823)/(-36). Let x = c - -48. Let l = -258 - x. What is the greatest common divisor of l and 21?
21
Let l = 489 - 480. Let v be l/(-45) - 3/((-30)/112). Calculate the greatest common factor of 561 and v.
11
Let t(r) = -r**3 - 54*r**2 + 52*r + 319. Let u be t(-55). What is the highest common factor of 60 and u?
4
Let f be (36/(-144))/(2/(-24)) + 2. Suppose 0 = f*d + 3*t - 215, -8*d + 3*t + 199 = -4*d. What is the highest common factor of d and 253?
23
Let i = 56 - 51. Suppose -i*a = -3*d + 2*d + 48, 0 = -4*a. Let u be 502/(-7)*-1 + (-144)/(-504). Calculate the greatest common divisor of u and d.
24
Let l be 72697/7 + (-20)/(-42)*(-501)/835. What is the highest common factor of 31 and l?
31
Let g be (7350/168)/35 + 17323/4. Calculate the highest common divisor of g and 12.
12
Let q(f) be the second derivative of 1/12*f**4 + 0 - 1/2*f**2 + 25*f + 1/2*f**3. Let t be q(4). What is the greatest common factor of t and 9?
9
Let c(f) = -f**2 + 7*f - 4. Let z be c(3). Let q be (2 - 5/2 - 0)*2. Let m be (-554)/(-14) + q + (-70)/(-49). What is the highest common divisor of m and z?
8
Suppose 4*y - 292 = -2*w, -15*w - 2*y = -10*w - 746. What is the greatest common divisor of 30 and w?
30
Let k be (0 + 0)/((1 + 1)*1). Suppose 0 = -r + 7 - k. Let g = 24 + -10. Calculate the highest common divisor of r and g.
7
Let u = 137 + -73. Suppose -224 - u = -3*p. Calculate the highest common divisor of 12 and p.
12
Let x(a) = -2*a**3 - 16 + 174*a + 0 + a**3 + 7*a**2 - 170*a. Let q be x(7). Suppose q*m - 86 = 274. What is the greatest common factor of 20 and m?
10
Let l be (17/85)/(7/20300). Calculate the highest common factor of 520 and l.
20
Let u = 135 + -115. Let k be (-2 - (-4)/(-8))*(-464)/u. What is the greatest common divisor of 406 